What is the greatest common divisor of 66337780 and 260?
20
Calculate the greatest common divisor of 144046258 and 27730.
5546
What is the highest common divisor of 324 and 24194916?
108
Calculate the highest common divisor of 33 and 10177343.
11
Calculate the highest common divisor of 396718258 and 86.
86
Calculate the greatest common factor of 382800 and 17239050.
4350
What is the greatest common factor of 598 and 622219?
299
What is the greatest common divisor of 566 and 12976?
2
What is the greatest common factor of 204 and 29954?
34
Calculate the highest common divisor of 1346170430 and 3190.
3190
What is the highest common factor of 35875 and 134764?
7
What is the highest common divisor of 18875 and 15758511?
151
Calculate the greatest common factor of 86597834 and 834.
278
Calculate the greatest common divisor of 1425715 and 139285.
1565
Calculate the greatest common divisor of 1704212 and 1076.
4
What is the greatest common factor of 153951013 and 79?
79
What is the highest common divisor of 24664116 and 2844?
948
Calculate the highest common factor of 1892 and 1402144.
172
Calculate the highest common factor of 6527 and 1203750.
107
What is the greatest common divisor of 539 and 323048?
11
What is the highest common divisor of 316213767 and 3132?
783
What is the highest common divisor of 4800750 and 4671?
519
What is the highest common divisor of 17874166 and 62?
62
Calculate the greatest common divisor of 4098578 and 22.
22
What is the greatest common factor of 35880 and 21224400?
2760
What is the greatest common divisor of 209540323 and 1007?
53
Calculate the greatest common factor of 26089019 and 341.
11
What is the highest common divisor of 52222768 and 208?
208
What is the greatest common factor of 132 and 250156588?
44
What is the greatest common factor of 6202872 and 2322?
54
Calculate the greatest common divisor of 224816 and 32.
16
What is the highest common divisor of 176 and 30287048?
88
What is the greatest common factor of 844793852 and 476?
476
What is the highest common divisor of 66079 and 11999?
169
Calculate the highest common factor of 11 and 62997297.
11
Calculate the highest common divisor of 140779881 and 18161.
1397
Calculate the greatest common factor of 23 and 640573.
23
Calculate the highest common divisor of 52625 and 21125.
125
What is the greatest common divisor of 35934695 and 173?
173
What is the greatest common divisor of 106 and 198040065?
53
What is the highest common divisor of 81387 and 333?
9
What is the greatest common factor of 296974458 and 18?
18
Calculate the greatest common factor of 6770318 and 214.
214
What is the greatest common divisor of 661773120 and 80?
80
Calculate the greatest common divisor of 99 and 3481368.
33
What is the highest common divisor of 323 and 1806349?
19
Calculate the greatest common factor of 99 and 59816385.
9
Calculate the highest common factor of 2998157 and 424.
53
Calculate the greatest common factor of 70473 and 840099.
507
Calculate the greatest common divisor of 50664912 and 1736.
248
Calculate the highest common factor of 801090396 and 48.
12
Calculate the greatest common factor of 6913656 and 156862.
1466
Calculate the greatest common factor of 1124 and 161268.
4
Calculate the highest common divisor of 754 and 291451537.
377
Calculate the highest common divisor of 1980 and 3924580.
220
What is the highest common divisor of 6850461 and 3852?
321
What is the greatest common factor of 3427 and 6682799?
149
Calculate the highest common divisor of 38909 and 79622.
41
What is the greatest common factor of 641974 and 5174?
398
Calculate the greatest common factor of 188214 and 15494.
254
Calculate the highest common divisor of 213 and 18936907.
71
Calculate the highest common factor of 1816875 and 6273.
153
What is the highest common factor of 27 and 8845548?
3
What is the highest common factor of 6608327 and 55?
11
Calculate the greatest common factor of 826 and 917854.
14
What is the highest common factor of 834380 and 56?
4
What is the greatest common divisor of 56978221 and 3284?
821
What is the greatest common factor of 167 and 28925903?
167
What is the highest common factor of 15387 and 21631?
223
Calculate the highest common factor of 952 and 1980328.
56
What is the highest common factor of 277008 and 3408?
48
What is the highest common factor of 9965050 and 40?
10
Calculate the greatest common factor of 33660 and 4334.
22
Calculate the highest common factor of 6201 and 156123.
9
Calculate the highest common factor of 978975 and 3763386.
2061
What is the highest common divisor of 6755 and 913276?
1351
Calculate the highest common divisor of 22 and 1758392.
2
Calculate the greatest common factor of 86097816 and 31635.
6327
What is the greatest common factor of 181197640 and 104?
104
What is the highest common factor of 311689 and 1855?
7
Calculate the greatest common factor of 182914399 and 386.
193
Calculate the highest common factor of 20538 and 42994836.
2934
What is the greatest common factor of 64 and 240253616?
16
What is the highest common factor of 21339128 and 1160?
232
What is the greatest common factor of 38589 and 3495351?
2031
Calculate the greatest common factor of 2405 and 15248181.
481
What is the highest common factor of 287711 and 14074?
31
Calculate the highest common divisor of 280 and 18345264.
56
What is the greatest common divisor of 37926626 and 1156?
578
What is the highest common factor of 102151999 and 95?
19
Calculate the highest common factor of 270652 and 218396.
284
Calculate the greatest common factor of 4716584 and 7912.
344
What is the greatest common factor of 24070820 and 118?
118
Calculate the greatest common divisor of 18425 and 2835775.
1675
What is the greatest common divisor of 874 and 3337882?
38
Calculate the greatest common factor of 826880 and 1349.
19
Calculate the greatest common divisor of 1086 and 70963584.
1086
What is the highest common factor of 61 and 141622297?
61
Calculate the greatest common divisor of 11136 and 2287.
1
Calculate the greatest common divisor of 4328 and 1461245328.
4328
What is the highest common divisor of 120 and 16459656?
24
What is the greatest common divisor of 690 and 1690320?
30
Calculate the highest common divisor of 294 and 1996895334.
294
Calculate the greatest common divisor of 1470888 and 2542.
62
What is the greatest common factor of 20094 and 1469226?
1182
Calculate the greatest common factor of 8349 and 1014024.
759
What is the greatest common factor of 260 and 815035?
65
Calculate the greatest common divisor of 1452514 and 17612.
238
Calculate the greatest common divisor of 24796193 and 985.
197
Calculate the greatest common divisor of 850491 and 15900.
159
Calculate the greatest common divisor of 50480 and 1672.
8
Calculate the greatest common factor of 18000 and 36900.
900
What is the greatest common divisor of 15225 and 55625850?
525
Calculate the highest common factor of 4299235412 and 19.
19
Calculate the highest common factor of 11157265 and 8404.
191
Calculate the greatest common divisor of 46561808 and 16.
16
What is the highest common divisor of 1116098 and 297541?
1277
Calculate the greatest common factor of 49574130 and 39985.
3635
Calculate the greatest common divisor of 147935294 and 26.
26
What is the highest common factor of 683031 and 5520?
69
Calculate the greatest common factor of 3404100 and 10.
10
What is the highest common divisor of 38710077 and 14?
7
What is the highest common factor of 1084809743 and 2921?
2921
Calculate the greatest common divisor of 99 and 7876.
11
Calculate the greatest common divisor of 102348406 and 106.
106
Calculate the highest common factor of 37499 and 1463.
77
Calculate the greatest common divisor of 19125106 and 26026.
2002
Calculate the highest common divisor of 15099920 and 5280.
880
What is the greatest common divisor of 30646 and 143678?
398
Calculate the greatest common divisor of 17655 and 116546540.
5885
What is the highest common factor of 3006598 and 644?
14
Calculate the highest common divisor of 352269 and 7758616.
4349
What is the greatest common factor of 92862 and 264?
66
What is the highest common divisor of 640 and 149768?
8
Calculate the greatest common divisor of 60155367 and 87.
87
Calculate the h